visor of 24178 and 239176?
14
What is the greatest common factor of 985710 and 696?
174
Calculate the highest common factor of 126155475 and 12150.
2025
Calculate the highest common factor of 260 and 2013280.
20
What is the highest common factor of 142194 and 13572?
78
Calculate the greatest common divisor of 535255 and 12054.
287
What is the greatest common divisor of 4302494 and 39732?
602
What is the greatest common divisor of 1680 and 805329?
21
Calculate the greatest common factor of 907371 and 12423.
123
What is the greatest common divisor of 171143833 and 2072?
259
What is the greatest common divisor of 64 and 45095912?
8
Calculate the highest common factor of 14 and 14661479.
7
What is the highest common factor of 1796492 and 8?
4
Calculate the greatest common divisor of 187785960 and 40.
40
Calculate the greatest common divisor of 1528942674 and 2562.
2562
Calculate the highest common factor of 581233588 and 303.
101
What is the greatest common factor of 31 and 8533?
1
What is the highest common factor of 9246 and 1428842?
134
Calculate the highest common divisor of 199465873 and 31.
31
What is the greatest common factor of 103395 and 38573228?
6893
Calculate the highest common factor of 120 and 1725100.
20
What is the highest common factor of 73206 and 67980486?
3486
Calculate the highest common divisor of 11270 and 378280.
490
Calculate the greatest common factor of 2802 and 21971416.
934
What is the highest common divisor of 52782 and 34086?
114
What is the greatest common divisor of 1083358 and 3422?
118
Calculate the greatest common factor of 35608819 and 349.
349
What is the highest common divisor of 39099655 and 805?
805
What is the greatest common divisor of 53193654 and 684?
342
What is the highest common factor of 4 and 48309068?
4
Calculate the greatest common divisor of 83154629 and 895.
179
Calculate the highest common factor of 31870324 and 188.
188
What is the greatest common factor of 16 and 456452632?
8
Calculate the highest common divisor of 50 and 87275275.
25
Calculate the greatest common factor of 1478172 and 762.
6
What is the highest common factor of 34944 and 600639?
39
What is the highest common factor of 179390763 and 1665?
333
What is the highest common divisor of 2620361 and 5597?
193
What is the greatest common factor of 88950 and 16800?
150
What is the greatest common factor of 47381652 and 655?
131
What is the highest common divisor of 248325 and 2040049?
473
Calculate the greatest common factor of 1863340 and 206870.
1510
What is the greatest common factor of 12324096 and 768?
768
Calculate the greatest common divisor of 151456 and 21512.
8
What is the highest common divisor of 95719360 and 2343?
781
Calculate the greatest common factor of 12664 and 14216.
8
Calculate the highest common factor of 47938 and 257818.
22
What is the highest common factor of 312 and 2135211?
39
Calculate the highest common factor of 33851225 and 200.
25
Calculate the greatest common factor of 46632 and 3203456.
232
Calculate the highest common factor of 1567426 and 2786.
14
Calculate the highest common divisor of 208201120 and 640.
160
What is the greatest common factor of 15260 and 196565?
5
Calculate the greatest common factor of 964 and 2548396660.
964
Calculate the greatest common factor of 3557952 and 2619.
27
What is the highest common divisor of 2613 and 1738959339?
2613
What is the highest common factor of 3 and 231547?
1
Calculate the highest common factor of 16880145 and 30.
15
Calculate the highest common factor of 1450 and 3751150.
1450
Calculate the highest common divisor of 9379 and 23414466.
83
What is the greatest common divisor of 160443 and 81?
9
Calculate the greatest common factor of 18918 and 404757.
9
Calculate the greatest common factor of 550342 and 793.
793
What is the greatest common divisor of 14717700 and 8325?
225
Calculate the greatest common divisor of 873675 and 1485.
495
What is the highest common factor of 174187530 and 55?
55
Calculate the greatest common divisor of 7524 and 1791.
9
What is the greatest common divisor of 92285616 and 96?
48
Calculate the greatest common divisor of 52 and 2606188.
52
Calculate the greatest common factor of 8544096 and 132.
132
Calculate the greatest common divisor of 533 and 10298093.
533
What is the highest common factor of 8364309 and 138039?
267
What is the greatest common factor of 105725 and 625?
25
What is the greatest common factor of 37221 and 32505687?
1959
Calculate the greatest common factor of 1665 and 1264680.
45
What is the highest common factor of 2790 and 133213820?
310
What is the highest common divisor of 6357 and 27561833?
2119
Calculate the greatest common factor of 14996523 and 249.
249
Calculate the greatest common divisor of 5786950 and 30.
10
Calculate the highest common factor of 7204161 and 5856.
183
What is the greatest common factor of 5488 and 141341039?
343
What is the greatest common factor of 1130103 and 115089?
507
What is the greatest common divisor of 41874 and 191357201?
6979
What is the greatest common divisor of 183 and 583953?
183
Calculate the greatest common factor of 2703 and 685287.
51
Calculate the greatest common divisor of 320 and 243667840.
320
What is the greatest common factor of 1408015 and 397880?
1715
What is the greatest common factor of 1594560 and 8758?
302
What is the greatest common factor of 3182224 and 32?
16
Calculate the highest common divisor of 594 and 27540.
54
What is the greatest common divisor of 34 and 411486598?
34
Calculate the highest common factor of 21 and 340624711.
7
Calculate the greatest common divisor of 991268928 and 208.
208
Calculate the greatest common divisor of 418 and 8450858.
38
What is the greatest common divisor of 6900 and 76186695?
345
Calculate the highest common factor of 20294 and 7300.
146
What is the highest common factor of 10309 and 432640?
169
What is the highest common divisor of 314966400 and 327?
327
Calculate the highest common factor of 2421 and 9536050.
269
What is the highest common divisor of 6475290 and 3630?
30
Calculate the greatest common divisor of 2934774 and 4230.
846
What is the highest common factor of 968 and 2557819?
121
Calculate the greatest common factor of 292 and 171464152.
292
Calculate the greatest common divisor of 22820 and 1664393.
163
What is the highest common factor of 2712 and 2273111616?
2712
Calculate the highest common divisor of 1067225 and 400.
25
Calculate the greatest common divisor of 17 and 6858888.
17
What is the greatest common divisor of 24 and 7941612?
12
Calculate the greatest common divisor of 511622 and 4056642.
982
Calculate the greatest common divisor of 3436 and 2576141.
859
Calculate the greatest common factor of 685005 and 7755.
15
What is the greatest common divisor of 520 and 2939365?
65
What is the greatest common divisor of 1414161969 and 321?
321
What is the highest common factor of 11555352 and 5368?
488
Calculate the greatest common factor of 3912832 and 179047.
4367
What is the greatest common divisor of 10437 and 18297237?
147
Calculate the greatest common factor of 1805859 and 7191.
153
What is the highest common factor of 100 and 35229650?
50
Calculate the greatest common divisor of 48601 and 459139.
53
What is the greatest common divisor of 218 and 5927638?
218
What is the highest common factor of 50 and 16261925?
25
Calculate the greatest common divisor of 128344 and 3025112.
488
Calculate the greatest common factor of 867600 and 3450.
150
Calculate the highest common factor of 7106970 and 58.
2
Calculate the highest common factor of 199 and 74332271.
199
Calculate the highest common factor of 72058720 and 5.
5
What is the highest common factor of 14358221 and 974?
487
Calculate the greatest common divisor of 160 and 113233760.
160
Calculate the highest common factor of 42985903 and 101.
101
Calculate the highest common divisor of 30782250 and 11250.
2250
Calculate the greatest common divisor of 145237 and 49502.
467
Calculate the greatest common divisor of 237 and 436153391.
79
What is the highest common divisor of 2717 and 7381880?
209
What is the highest common factor of 69438855 and 1338?
669
What is the highest common divisor of 494 and 8919854?
38
Calculate the greatest common factor o